r(p). Determine q(7).
31
Let c(z) = -z + 5. Let l(m) = -4*m + 15. Let r(n) = -7*c(n) + 2*l(n). Let v(o) = 4*o + 33. Let x be v(-9). Calculate r(x).
-2
Let n(x) = x**2 - 2*x + 15. Let t = -19702 - -19707. What is n(t)?
30
Let p(v) = v**2 - 17*v - 116. Let w be p(-7). Suppose -28*u + 4 = -w. Let x(a) be the first derivative of a**4/2 - a**3 + a**2/2 + 2*a - 2. Give x(u).
8
Let q(u) be the first derivative of 5*u**2/2 + 41*u - 1702. Give q(-9).
-4
Let m(k) be the first derivative of k**3/3 + k**2 - 6*k - 17. Let b = 1899 - 1895. What is m(b)?
18
Let m = 12 - 19. Let v be (8 - -1)*((-54)/(-9) + m). Let i(o) = -o**2 - 10*o - 11. Calculate i(v).
-2
Let g(c) = -2*c - 5. Let y(l) = -17*l - 31. Let s(f) = -6*g(f) + y(f). Let q(j) = 3*j + 1. Let p be q(1). Give s(p).
-21
Let r(l) = 3*l**2 + 3*l - 5. Let v(y) = -13*y**2 - 57*y + 9. Let a(i) = -5*r(i) - v(i). Give a(21).
16
Suppose -143*d - 762 + 834 + 1930 = 0. Let n(b) = 18*b - 249. Give n(d).
3
Suppose 0 = -2*d + 3*r - 38, 0 = 9*d - 4*d - 5*r + 85. Let w(a) = a**2 + 25*a + 168. Let l be w(d). Let c(b) = b**2 - 10*b - 25. Determine c(l).
-1
Let h(f) = f**3 + 15*f**2 + 24*f - 22. Let i be h(-13). Let v(q) = -i + 9*q - 8*q + 0*q + 15. Determine v(-5).
6
Suppose 5*t + 0*t + 20 = 0. Let w(n) = -4*n**2 + 18 + 41 - 7*n - 59. Let r(f) = -f**2 - 2*f. Let m(d) = -9*r(d) + 2*w(d). What is m(t)?
0
Let i(f) = 3*f**3 + 3*f**2 - 1. Let d(t) = -t**3 + 12*t**2 - 16*t + 12. Let l be d(10). Let q = 50 - l. Determine i(q).
-13
Suppose -879*k = 671*k + 519*k + 16552. Let d(w) = -w**2 + 6*w - 5. Let z(a) = -4*a**2 + 18*a - 16. Let h(o) = -7*d(o) + 2*z(o). What is h(k)?
-13
Let p = 70 - 68. Let i(b) = -82 + 7*b + 153 - 73 + 5*b. Determine i(p).
22
Let i(q) = -q**2 - 6*q - 2. Suppose r = 2*z + 11, 21 = -2*z + 4*r - 5. Let l(o) = 0 + 2*o**2 + o + 0*o**2 + 1 - o**2. Let x(p) = z*l(p) - i(p). Determine x(2).
-3
Let i(u) = -u. Let b(l) = l**2 - l - 1. Let r(d) = b(d) + 2*i(d). Let h be (10*22/(-352))/(((-5)/(-8))/(-5)). Give r(h).
9
Suppose -2*s - 264*f + 262*f + 38 = 0, -f = -4*s + 66. Let x(y) = -2*y**3 + 33*y**2 + 14*y + 56. Give x(s).
5
Suppose 0 = 22*b - 19*b - 6. Let g(h) = h**b + 11*h - 2947 + 1479 + 1475. Calculate g(-10).
-3
Let u(i) be the second derivative of 3*i**3 - 119*i**2/2 - 13883*i. Determine u(6).
-11
Let x be 36/(-24) - 10/(-8) - 765/60. Let a(d) = -d**3 - 14*d**2 - 13*d - 23. Calculate a(x).
-23
Let r(g) = 5*g + 5. Let v(h) = 14*h + 5. Let u(y) = 6*r(y) - 2*v(y). Let i(f) = -f**2 + 12*f + 19. Let z be i(14). Calculate u(z).
2
Let v = 5249 - 5244. Let t(p) be the second derivative of 0 - 1/2*p**3 + v*p + 3/2*p**2. Give t(5).
-12
Let x = -7409 - -7409. Let i(s) = -2*s**3 - 2*s**2 + s - 3. Let r(h) = 5*h**3 + 4*h**2 - 2*h + 7. Let p(m) = 7*i(m) + 3*r(m). Give p(x).
0
Let p(n) = -2*n**3 + n + 1. Let u(m) be the first derivative of 7*m**4/4 - 5*m**2/2 - 2*m - 51. Let f(q) = -3*p(q) - u(q). Give f(-2).
3
Let f(g) be the third derivative of g**4/8 - 13*g**3/3 + 4*g**2 + 49. Calculate f(14).
16
Let a(j) = j**2 - 4*j + 2. Let o(d) = d**2 - 9*d + 6. Let w be o(12). Let s be (-12)/(-15) - w/(-10). Calculate a(s).
7
Let i(f) be the third derivative of f**5/15 - f**4/24 + 1064*f**2. Determine i(1).
3
Let t(u) = -2*u + 2. Let z(n) = n**3 - 8*n**2 + 9*n - 8. Let w be z(7). Let b = 8 - w. Calculate t(b).
-2
Let n(w) = w - w + w - 10*w - 7 + 5*w. What is n(2)?
-15
Let p be 322/92 + 6/4. Suppose 0 = -5*k + s - 46, -6*s + p = -s. Let b(g) = -g**3 - 8*g**2 + 9*g - 7. Determine b(k).
-7
Suppose -3*t = 5*d - 11, 4*t + 21 + 7 = 4*d. Let j(g) = -39*g + 1. Let r(s) = -427*s + 8. Let y(a) = 22*j(a) - 2*r(a). Calculate y(d).
-10
Let j(r) = r + 9. Let m be j(-7). Let n(l) = -l**3 + 21*l**2 + 132*l - 46. Let k be n(26). Let z(c) = -16 - c**m + 5 + 3 + 9*c + k. Determine z(9).
-2
Let o(b) be the second derivative of 3*b**3/2 + 41*b**2/2 + 591*b. Determine o(-6).
-13
Let u(t) = -t**2 + 9*t - 5. Let d be ((-18)/8)/(7/(-224)*-12). Let q be (-555)/(-60) + d/(-8) - 4. Determine u(q).
13
Let r(x) be the second derivative of 0 - 36*x + 1/12*x**4 - 7/20*x**5 - 1/2*x**2 - 1/6*x**3. Determine r(-1).
8
Let f(m) = 2*m**3 - 4*m**2 + 2. Let l be f(3). Let q = 3293 + -3308. Let g be 123/q - 16/l. Let z(d) = 2*d + 13. Give z(g).
-5
Let q(l) be the second derivative of -l**5/60 - 5*l**4/12 + 3*l**3/2 + 59*l**2/2 - 9*l - 3. Let u(t) be the first derivative of q(t). Determine u(-11).
-2
Let a(n) be the first derivative of -n**3/3 + n**2/2 + 5*n + 286. Determine a(4).
-7
Suppose -q + 4 = 2*d, 0 = 2*q - d + 4 + 13. Let j be (-64)/q + (0 - (-5)/15). Suppose 4*s - 7 = j*s. Let i(v) = -3*v**3 - 2*v - 1. Determine i(s).
4
Suppose 2*r + i + 3*i + 38 = 0, i = 2*r + 13. Let w be -15*10*(-3)/r. Let v = w + 44. Let h(k) = -k**2 - 8*k - 7. Calculate h(v).
5
Let w(f) be the first derivative of -2*f**2 + f + 1. Let b(v) = -2*v**3 - 14*v**2 + 18*v + 19. Let l be b(-8). Suppose -l*h = 6*h + 36. Determine w(h).
17
Let z be (-8 + (-12)/(90/(-15)))/(3/(-5)). Let k(q) = -4*q + 7. What is k(z)?
-33
Let d = 7 - 1. Let l(n) = n**2 - 8. Let b(z) = -z + 1. Suppose -v = 3*a + 16, -165*v + 40 = -5*a - 170*v. Let s(i) = a*b(i) - l(i). Give s(d).
-8
Let q(r) = -2*r**2 - 4*r. Let m be (-108)/8*(-8)/(-6). Let v be 3*(-6)/m*-3. Determine q(v).
-6
Let g(t) = t**3 - 25*t**2 - 53*t - 25. Let d(n) = 9*n**3 - 206*n**2 - 18*n - 88. Let u be d(23). Calculate g(u).
2
Let f(k) = k**2 + 15*k - 13. Let v = 40 - 45. Let w be -19 - (-3 - v - 5). Calculate f(w).
3
Let l(m) = -2*m + 5. Let t(i) = -5*i + 16. Let g(r) = 8*l(r) - 3*t(r). Let j = -228 - -215. Calculate g(j).
5
Let x(z) = -3*z - 113. Let v(o) = -2*o - 173. Let i(g) = -5*v(g) + 8*x(g). Determine i(-8).
73
Let y = -17 + 19. Suppose 0 = -2*k - r - 0*r - 24, -y*k - 24 = 4*r. Let h(i) = i**3 + 13*i**2 + 12*i - 3. Let v be h(k). Let m(d) = -3*d - 4. What is m(v)?
5
Let h(v) = v**3 + 8*v**2 + 8*v + 5. Suppose -3*w - 5*o + 4 = 3, o = -4*w - 27. Let u(x) = x + 8*x + 1 - 733*x**2 + 734*x**2. Let y be u(w). Determine h(y).
-2
Let p = 97 + -94. Suppose -2*d - 18 = 5*f, 2*d + p*f = 3 - 13. Let i(o) = -2*o - 2. Give i(d).
-4
Let g = -49 + 49. Let m(i) be the first derivative of i**4/24 - i**3/3 + 31*i**2 + 31. Let a(n) be the second derivative of m(n). Determine a(g).
-2
Let g(y) = -15*y + 15*y + y**2 - 23 + 9*y + 17. Let m be (-3)/(-6)*(-2)/1. Let c(x) = 7*x**3 - 2*x**2 - 2*x - 1. Let s be c(m). Calculate g(s).
-14
Suppose -5*o - 11*o = 3*i + 22, 0 = -4*i - 4*o - 12. Let p(n) = 6*n**3 - n**2 - 2*n + 1. Give p(i).
-47
Let p(r) be the third derivative of r**7/1260 + 17*r**6/720 + r**5/30 + 7*r**4/6 + 9*r**2 - 3. Let i(h) be the third derivative of p(h). What is i(-7)?
-11
Let g(r) = -229*r**2 - 7 - 120*r**2 + 6*r + 362*r**2. Give g(1).
12
Let n(v) = -2*v + 37. Let x(s) = -s**3 - s**2 + 3*s + 13. Let h be x(-2). Determine n(h).
15
Let v(l) = -l - 14. Suppose -2*n + 0*h = -3*h + 7, -4*n + 4*h = 16. Let m(c) = -c - 21. Let z(u) = n*v(u) + 4*m(u). What is z(9)?
-5
Let n(h) = -5*h - 7. Let a(z) = z + 2. Let r(i) = 9*a(i) + 2*n(i). Let p = -52 + -16. Let s = p - -74. Give r(s).
-2
Suppose -5 = -4*k - 1. Let a(f) = 20*f - 6*f - 10*f - f + 2*f**3 - 2*f. Calculate a(k).
3
Let t(n) = n**3 + 3*n**2 - 2*n - 3. Let w(b) = -23*b**2 + 4 - 29 - 17*b - 6*b - b**3. Let q be w(-22). Determine t(q).
3
Let c(r) = -15*r**2 + 17*r - 71. Let t(g) = 11*g**2 - 18*g + 84. Let o(d) = -3*c(d) - 4*t(d). Give o(5).
7
Let m(u) be the first derivative of u**4/4 + 2*u**2 - 3*u + 93. Suppose -3*f + 4*o + 25 = 2*f, -f + 5 = 5*o. Suppose 0 = -f*d - 3 + 13. Determine m(d).
13
Let d(y) = 17*y - 45. Suppose r + 287 = 5*n + 262, -r - 2*n + 17 = 0. What is d(r)?
40
Let a(r) = 2*r - 5. Let g = 255 + -247. Let m = 1 - g. Determine a(m).
-19
Suppose m = -3*w - 128, -2*m + 149 = 381*w - 384*w. Let c(i) = -4*i - 167. Determine c(w).
13
Let t(h) be the second derivative of -h**3/3 - 8*h**2 - 44*h + 5. What is t(7)?
-30
Let k(b) = b**3 + 12*b**2 - 28*b + 7. Suppose 0 = 2*d - r + 21, 42 = -2*d - 82*r + 80*r. Calculate k(d).
7
Let i(p) = -p**2 - 8*p - 2. Let k(m) = m + 8. Let c(b) = -2*b - 16. Let z = -53 + 46. Let o(x) = z*k(x) - 4*c(x). Let j be o(-13). Give i(j).
13
Let d(p) be the second derivative of p**5/20 - p**4/12 - 23*p**3/6 + 11*p**2/2 + 309*p - 8. Determine d(5).
-4
Let k(p) = p - 1. Let c